dreds digit of q?
2
Suppose -18*h + 103336 = -142193 - 128403. What is the hundreds digit of h?
7
Let k = -139 - -497. Let g be (k/4)/(10/20). Let o = g + -99. What is the tens digit of o?
8
Suppose -5*f + 4 = -f, 3*d + 2*f = 695. Let w(j) = j**2 - 24*j + 30. Let v be w(23). Suppose -d - 119 = -v*p. What is the units digit of p?
0
Let t(f) = -f**3 + 16*f**2 + 3*f - 7. Let b be (-4)/(-12) - 26/(-3). What is the hundreds digit of t(b)?
5
Let t = -162 - -220. What is the tens digit of ((-29)/t)/(2/(-1108))?
7
Let a be 1236*7/(-28)*2. Let b = a - -1062. What is the hundreds digit of b?
4
Let l(u) = -u**2 - 13*u + 16. Let j be (-6)/((-7)/(-2) + -2). Let h be (12/(-9))/(j/(-24)). What is the units digit of l(h)?
6
Let l be 3/(215/130 - (-4)/(-26)). Suppose -7*i - 1428 = -2*w - 11*i, 0 = 2*i + l. What is the tens digit of w?
1
Let t(l) = -1481*l + 2353. What is the units digit of t(-10)?
3
Let a(m) = -m**2 - 2*m - 1. Suppose -3*f + 16 = 3*n - 4*n, -4*f = -5*n - 25. Let j be a(n). Suppose b + j*b - 87 = 0. What is the units digit of b?
7
Let u(d) = d**2 + 4*d - 4. Let r be u(-7). Suppose 0 = r*b - 28*b + 539. What is the units digit of b?
9
What is the hundreds digit of (-1 - 24)*(28259/(-55) - -34)?
9
Let k(b) = -b**3 - 6*b**2 - 2*b - 7. Let f be k(-6). Suppose 0 = -f*p + 81 + 3244. What is the tens digit of p?
6
Let k(j) = -793*j + 1160. What is the thousands digit of k(-14)?
2
Let a be (-4)/(24/18)*-13. Suppose -4416 = -9*q + a. What is the tens digit of q?
9
Let n = 10 + -6. Suppose n*x = -4*u + 12, 0 = -0*x + 3*x + 4*u - 13. Let c(w) = -207*w + 8. What is the units digit of c(x)?
5
Let a = -22576 + 37098. What is the ten thousands digit of a?
1
Let f(c) = c - 1. Let o(v) = -55*v + 14. Let a(n) = -2*f(n) + o(n). What is the units digit of a(-14)?
4
Suppose 57*j - 92840 - 767059 = 2354787. What is the ten thousands digit of j?
5
Suppose 2*z + 9*m + 530 = 8*m, 2*m + 262 = -z. Let y = z - -614. What is the units digit of y?
8
Let w(q) be the third derivative of -q**5/60 - 5*q**4/24 + 7*q**3/6 + 8*q**2. Let g be w(-6). What is the units digit of g*130/(25/5)?
6
Let p(r) = 33*r**2 - 9*r + 11. Suppose -11 + 6 = z. Let a(s) = 17*s**2 - 5*s + 6. Let l(u) = z*a(u) + 3*p(u). What is the tens digit of l(-2)?
6
Let z = -167 + 66. Let k = -85 - z. Suppose 14*u = k*u - 376. What is the hundreds digit of u?
1
Suppose 0 = 2*y + t - 136, 4*t = y - 51 + 1. What is the tens digit of 110*(y/12 - 5)?
5
Suppose -14*k = -9*k - 4*y - 80832, 5*k - y - 80853 = 0. What is the thousands digit of k?
6
What is the units digit of ((-114)/8)/((-108)/76176)?
1
Let k = -45 - -34. Let y(p) = p**3 + 11*p**2 - 2*p - 20. Let t be y(k). Suppose -4*h + 160 = 4*s, 0 = -3*h + t*h. What is the tens digit of s?
4
Suppose -2*z - 14 = 0, -5*z - 13998 - 2819 = -s. What is the ten thousands digit of s?
1
Suppose v = -4*x + 12, 3*x + 2*v = 9 - 0. Suppose 0*u + 2*u = x*a - 378, 4*a = 4*u + 508. What is the tens digit of a?
2
Let w = -41 - -41. Suppose 3*x + 988 = 4*v, -4*v - x = -w*x - 988. Suppose -5*h + v = 3*i, 4*h - 85 = -i + 3*h. What is the units digit of i?
9
Let d be -4 + 84/(0 + 4). Let j(i) be the third derivative of i**6/120 - 3*i**5/10 + 3*i**4/4 + i**3/6 + 34*i**2. What is the tens digit of j(d)?
1
Suppose 5*h = 17 + 28. Suppose -h*g + 7 = -8*g. What is the tens digit of 6*g/(42/32)?
3
Suppose -146426 = -40*r + 536174. What is the units digit of r?
5
Let t be (4/(-3))/(1/3). Let j(o) = -14*o - 51 + 2*o - 13*o + 146 - 62. What is the hundreds digit of j(t)?
1
Let n = 782 + -782. Suppose 54*u - 30021 - 28083 = n. What is the hundreds digit of u?
0
Suppose 14*j = 60*j - 230. Suppose 0*n - 5080 = -j*n. What is the hundreds digit of n?
0
Let j = 140 + -158. What is the units digit of (9/j)/(-1 + (-4479)/(-4482))?
7
Let k(y) = 2*y**3 - y**2 + y. Let p(m) = m**3 + 7*m**2 + 2*m + 10. Let h(i) = -2*k(i) - p(i). What is the tens digit of h(-3)?
9
Let n(p) = -3*p**2 - 15*p - 15. Let v(j) = -6*j - 7. Let a(t) = -3*n(t) + 7*v(t). Suppose 2*m - 3*c = 23, -4*m = 4*c + 5 - 1. What is the tens digit of a(m)?
5
Let c(m) = -7*m + 9 + 18*m + 14*m. What is the hundreds digit of c(7)?
1
Let o(f) be the second derivative of -f**5/20 - 11*f**4/6 + 29*f**3/6 - 7*f**2/2 + 97*f. What is the tens digit of o(-24)?
4
Suppose r - 2*r + 2*r = 10902. What is the hundreds digit of r?
9
What is the hundreds digit of 76530 + (5*4)/((-225)/90)?
5
Let a = 349 + 851. Suppose -8*h + a = -18*h. What is the tens digit of 4/(h/(-162))*15*3?
4
Let z = 199 + -196. Suppose z*t = 6, 2*t - 205 - 3 = -3*s. What is the tens digit of s?
6
Let p(c) = -2*c + 498. Suppose 12*h = -11*h. What is the units digit of p(h)?
8
Let t be (-6 + 19/3)*-27. What is the hundreds digit of (-4020)/t - (24/(-18) + 1)?
4
Suppose 6*b - 408 = 3*b. Let f = b - -106. Let j = f + -98. What is the hundreds digit of j?
1
Let a = 51974 + -34260. What is the ten thousands digit of a?
1
Suppose 8*d - 2462 = 2186. Let f = d + -64. What is the hundreds digit of f?
5
Let v = 147 + -121. Let d = 55 + v. What is the tens digit of d?
8
Let q(d) = d**3 + 38*d**2 - 84*d - 43. Let y be q(-40). Let t be (-354)/4*4/6. Let b = t + y. What is the tens digit of b?
5
Let f = 2193 + -1809. What is the units digit of f?
4
What is the thousands digit of ((-243)/405 + (-104)/(-15))/((-2)/(-660))?
2
Suppose -4*u - 17085 = -3*a - 1867, 3*a = -5*u + 15173. What is the thousands digit of a?
5
Suppose 0 = -d + t + 12 + 1, 5*d + 5*t - 45 = 0. Suppose -4*l - d = -5*z + 19, -5*z - 2*l = 0. What is the units digit of (1 - -17)*z/3?
2
Suppose -p = 44*r - 47*r - 6, 3*p = 5*r + 14. Let y be 151*(-1 - 0)*-1. Suppose 0 = p*d - 5*m - y, -4*d = -2*d - m - 103. What is the units digit of d?
2
Suppose 113*y = 115*y - 24. Suppose -y*n = 28*n - 24840. What is the tens digit of n?
2
Let u be (-3)/6 - (-15)/2. Suppose -3*t = -u*t + 36. Suppose 3 = t*z - 6*z. What is the units digit of z?
1
What is the tens digit of 2/(-7) + 45/((-4725)/(-417090))?
7
Suppose 504 = 2*d + 3*b, -5*b + 11 = d - 234. Suppose -5*w - 5*m = -3*w - 24, -5*w + 25 = -5*m. Suppose -d = -12*i + w*i. What is the units digit of i?
1
Suppose -71*v + 67*v = -4, -2*v = 2*g - 55404. What is the tens digit of g?
0
Let q(k) = -k**3 + 7*k**2 + 14*k - 7. Let v be q(9). Let p = v - -48. Suppose -l + 262 = -u + p*u, -2*u = 2*l - 134. What is the units digit of u?
5
Suppose 0 = -4*x + 4*c + 39548, 5*x - 25*c + 27*c = 49463. Suppose -20*n + 8069 = -x. What is the hundreds digit of n?
8
Let j(i) = 32*i**2 + 48*i - 18*i - 18 - 20*i - 20*i. What is the thousands digit of j(7)?
1
What is the tens digit of (151704/1372)/((-1)/(-126))?
3
Suppose 329*i - 41263 = 328*i - 2*t, -41278 = -i - 5*t. What is the ten thousands digit of i?
4
Let w(f) be the first derivative of 19*f**3/3 - f**2 + 11*f + 354. Suppose -2*c = -3*c - 3. What is the tens digit of w(c)?
8
Let h(z) = 944*z**2 - 18*z + 19. Let x be h(1). Let j = 1357 - x. What is the tens digit of j?
1
Suppose -9*d - 27 = -27. Suppose d = -4*f + 4*b + 1064, 5*b - 4 = 3*b. What is the tens digit of f?
6
Let v(y) = y**3 - 3*y**2 + 11*y - 5. Let l be v(6). Suppose l = 3*k + 5*j, 4*j = 4*k + j - 177. What is the units digit of k?
8
Let n = -9322 - -25702. What is the thousands digit of n?
6
Let n(z) = -58*z - 2. Let p(c) = -2*c - 35. Let b be p(-14). What is the units digit of n(b)?
4
Let g(i) = -4*i**3 - 96*i**2 - 102*i - 60. What is the hundreds digit of g(-30)?
6
Let j(w) = 115*w**2 - 15*w + 17. Let h be j(6). Suppose -h = -29*g + 22*g. What is the tens digit of g?
8
What is the ten thousands digit of 78486/2 - (-21 + -16 + 41)?
3
Suppose -55823 = -3*x - 4*n, -9*x - 8*n = -7*x - 37194. What is the ten thousands digit of x?
1
Let r = 924 + -1516. Let m = 1135 + r. What is the tens digit of m?
4
Let p(c) = -6595*c - 2723. What is the units digit of p(-4)?
7
Suppose -b + 2*s + 306 = -2723, -3*s = 3*b - 9069. Let y = -1828 + b. What is the tens digit of y?
9
Suppose -7*t - 5 + 19 = 0. Suppose t*q - m = -29, -3*q + m = -0*m + 42. Let h = q + 56. What is the tens digit of h?
4
Suppose -4*s + 19 = s + 2*f, -5*s + 5*f + 40 = 0. Suppose -s*a + 931 = -54. What is the hundreds digit of a?
1
Let i(u) = 22*u - 44. Let k be i(5). Suppose 0 = -n - 7 + k. What is the tens digit of n?
5
Suppose -7*j + 3*j = -60. Let o